 -236, -3*b + 5*d + 132 = -5*b. Let t = f + b. List the prime factors of t.
2, 5, 7
Let d = 3797 - 2515. Let c = -916 + d. What are the prime factors of c?
2, 3, 61
Let b be -4*(-7 - 52/(-8)). What are the prime factors of 2995/b + ((-45)/(-18) - 1)?
1499
Suppose 86 = -j - 2*f - 124, -f = 2*j + 414. Let c = j - -1017. What are the prime factors of c?
811
Let z be -2 - 1/((-4)/60). Suppose 3165 + 618 = -z*t. List the prime factors of (-3)/15 - t/5.
2, 29
Let b be ((-2)/3)/(20/120). Let t be 22 - (b - (-3 + 2)). List the prime factors of 22*4/(20/t).
2, 5, 11
Let h(l) = 203*l**2 + 5*l + 5. Let m be h(-1). Suppose n - m = -3*d, 3*n + 5*d + 90 = 703. What are the prime factors of n?
2, 103
Suppose 14*r - 11*r = 249. Suppose -81*c + r*c = 228. What are the prime factors of c?
2, 3, 19
Let c be ((-1)/(-3))/((-36)/(-216)). Suppose m + 121 = c*g - 0*g, 0 = 5*g + 5*m - 340. List the prime factors of g.
3, 7
Suppose -3 = 3*m + 24. Let u be 2 - -2 - (m + 7). Suppose -u*i + 336 - 90 = 0. What are the prime factors of i?
41
Suppose 0 = -15*j - 12*j + 3*j + 212544. List the prime factors of j.
2, 3, 41
Let c(i) = i**3 - 19*i**2 - 1839*i + 43. What are the prime factors of c(-30)?
11113
Suppose 0 = 47*b - 44*b - 6, 3*p - b - 61525 = 0. List the prime factors of p.
20509
Suppose 0 = -4*z - 3*h - 3684, -h = 5*z - 2*h + 4586. Let m = -590 - z. List the prime factors of m.
2, 41
Let w(j) = 9*j**3 - 5*j**2 + 1. Let y be w(2). Suppose v - p - 359 = y, 1196 = 3*v + 5*p. What are the prime factors of v?
11, 37
Suppose 0 = -0*r - 2*r. Suppose -c + 3*q = -11, -3*c - 3 = -r*c + 3*q. Suppose 5*s - c = 4*s. What are the prime factors of s?
2
Let u(s) = 84*s + 74. Let c be u(-6). Let a = c - -714. What are the prime factors of a?
2, 71
Let o(k) = -2*k**2 - 7*k + 94. Let j be o(-37). List the prime factors of -3 - (j/(-5)*-1 + 1).
11, 43
Suppose 0 = 5*s + 3*s - 2*s. List the prime factors of (-152 - s)*(-5 - (-12)/6).
2, 3, 19
Let d = -5485 + 8930. What are the prime factors of d?
5, 13, 53
Suppose 77*f = 81*f - 20. Suppose f*h - 4*d + 6*d = 1970, -h - 3*d = -394. List the prime factors of h.
2, 197
List the prime factors of 13/((-5460)/(-40)) + 5/(315/46362).
2, 23
Let y(b) = -b**3 - 23*b**2 + 106*b + 23. What are the prime factors of y(-32)?
3, 1949
Suppose -5*r + 30318 = 6*n, -n + 5*r = -2*n + 5078. What are the prime factors of n?
2, 631
Let f(s) = 4*s - 6. Let u(m) = -m + 1. Suppose 2*r + 4 = 2. Let c(h) = r*f(h) - 5*u(h). List the prime factors of c(3).
2
Suppose -207434 = -10*s + 6*s - 5*d, 3*d - 6 = 0. What are the prime factors of s?
2, 7, 463
Suppose -4*m - 117 = 3*p, 2*m + 6 = -0. Let d = -179 - -250. Let j = p + d. List the prime factors of j.
2, 3
Let c be 150/40 + (-9)/12. Suppose c*s + 2*s + 3*g = 1038, g - 206 = -s. What are the prime factors of s?
2, 3, 5, 7
What are the prime factors of (690/5)/(((-12)/2502)/(12/(-36)))?
3, 23, 139
Let v(z) = -z**3 - 12*z**2 - 13*z - 17. Let b be v(-11). Suppose a + 2*a - 305 = -b*c, 3*c + a - 183 = 0. Let d = c + -8. List the prime factors of d.
53
Let r be (2 - (-42)/9)*(-96)/(-40). Let o be r/(4 + 0 + -2). Let f(a) = -2*a**2 + 26*a + 3. What are the prime factors of f(o)?
83
Let z(l) = -l**3 + 18*l**2 + 75*l - 50. What are the prime factors of z(-13)?
2, 7, 43
Let h be ((-84)/(-35))/2*10/3. Suppose -h*o = 3*g - 33, 0*o = g + 4*o - 11. Suppose w = g*w - 520. What are the prime factors of w?
2, 13
Let g(s) = -1106*s - 5229. What are the prime factors of g(-32)?
7, 31, 139
Let h = -51 + 53. List the prime factors of ((-44)/h)/((-12)/6).
11
What are the prime factors of (-97135)/(-15) - 11/(264/64)?
6473
Let f be 2/(-5) - (-18333)/(-105). Let u = f - -695. What are the prime factors of u?
2, 5, 13
What are the prime factors of 3/((-21)/(-70))*2728 + 11?
3, 11, 827
Let i = 35 - 33. Suppose -i = 5*s + 3. What are the prime factors of ((-9)/27)/(s/249)?
83
Let c = 105 + -256. Let o = 162 + c. List the prime factors of o.
11
Suppose 3*w = -2*g - 16, -5*g + 5*w - 4 - 11 = 0. Let o(a) = -3*a**3 - 5*a**2 - 3*a - 17. What are the prime factors of o(g)?
2, 31
Let f be -1*2/((-2)/87). Suppose f = 4*i - 37. Suppose k + 1 = 0, 4*k - k = -2*s + i. What are the prime factors of s?
17
Suppose -64*k + 57*k = -143775 + 34071. What are the prime factors of k?
2, 3, 653
Suppose -2*q = 3*a - 59293, 4*a + 4281 + 54977 = 2*q. List the prime factors of q.
107, 277
List the prime factors of (-3291673)/(-217) + (1 - 6).
2, 17, 223
Suppose 10*k - 13*k = -6. Suppose -y - 3*l + 828 = 0, -3*y + k*l + 843 = -2*y. Suppose -y = -5*s - 247. What are the prime factors of s?
2, 59
Let q be 6/(-10) - 12/(-20)*6. What are the prime factors of 1780/((q/12)/(3/24))?
2, 5, 89
Let j(c) = c**3 + c**2 + 2*c - 9. Let d be j(7). Let m = -111 + d. Suppose -8*f + m = -1154. What are the prime factors of f?
2, 3, 5
Suppose -w + 2 = 0, 3*f + 2*f = -4*w + 23. Let x be (-16 - 6)/(1 + (-5)/f). Suppose -x + 318 = 3*v. What are the prime factors of v?
5, 19
Let m(v) = -238*v**3 + v**2 + 13*v + 32. What are the prime factors of m(-3)?
2, 1607
Let y(b) be the first derivative of 79*b**3 - 5*b + 13. List the prime factors of y(2).
23, 41
What are the prime factors of -1376*(-9)/2 - (-8)/8?
11, 563
Suppose -1525 = 6*l - 7*l - 5*p, 7525 = 5*l + 5*p. Suppose -2*v - l = -6*v. What are the prime factors of v?
3, 5
Let n = 432 + -236. Let v(q) = -11*q + 39. Let s be v(-23). Let t = s - n. What are the prime factors of t?
2, 3
Suppose 5*l + 86 = s - 0*l, -430 = -5*s + 2*l. Let k = s + 92. What are the prime factors of k?
2, 89
Suppose 824136 = 118*x + 61148. What are the prime factors of x?
2, 53, 61
Let v(s) = 4*s - 7. Let p be v(-2). Let b = 18 + p. Suppose -j + 4*d - d = -56, 0 = -b*j - 3*d + 132. List the prime factors of j.
47
Let k(w) = w**2 - 3*w - 4. Let g be k(6). Suppose 3*y = -3*z + 5*y - g, 4*z + y + 26 = 0. List the prime factors of (-3390)/(-25) - z/(-10).
3, 5
Let y(p) = 1085*p**3 + 2*p**2 - 1. Let d be y(1). Suppose 20*i + d = 23*i. What are the prime factors of i?
2, 181
List the prime factors of 27/(4617/18) + 194/(-38) + 7148.
3, 2381
Suppose -l = 4*p - 7999 - 9378, -3*l + 5*p = -52080. What are the prime factors of l?
5, 23, 151
Let g be (1 + 0)/(-1) + 2. Let x be (g + 22)/(28/(-7) + 3). Let j = 25 + x. What are the prime factors of j?
2
Suppose -24*j + 34952 = -24136. List the prime factors of j.
2, 1231
Suppose -540 - 360 = -6*x. Let h be (-606)/(-4) + (-2)/4. Suppose -x*n - 113 = -h*n. What are the prime factors of n?
113
Let u = 12 - 10. Let v(d) = -528*d**3 + d**2 - 2*d - 3. Let g be v(-1). Suppose -4*j = u*j - g. List the prime factors of j.
2, 11
Suppose -10*j + 49006 = 2*g - 15*j, g - 4*j - 24494 = 0. List the prime factors of g.
2, 13, 23, 41
Let t be 2/((1 - (-325)/(-335))/(-1)). Let u = -36 - t. What are the prime factors of u?
31
Let c be (-4)/8*844 + 0/1. Let r = -269 - c. Suppose d - 2*d + r = 0. What are the prime factors of d?
3, 17
Suppose 4*t + 132 = 9*g - 10*g, 0 = 3*t - 5*g + 76. Let o = t - -109. What are the prime factors of o?
7, 11
Suppose -v - 7 = -3*h, 0 = -2*h + 6*v - 3*v. Suppose -4*r + 28 = -2*x, 3 = -h*x - 2*r - 15. Let b(c) = -14*c - 13. List the prime factors of b(x).
3, 11
List the prime factors of (11 - (-1052)/(-10))*-45.
3, 157
What are the prime factors of 4056/(-520)*(-10)/6*2501?
13, 41, 61
Suppose -7 = -3*s + 8. Suppose 2*u + 5*q - 7 = 0, s*q - 5 - 14 = -4*u. List the prime factors of (-70 - 2)*(16/u + -4).
2, 3
Suppose 2*z + z - 4*l - 16 = 0, -4*z + 12 = 4*l. Let a(b) = -z - 2*b**3 + 2*b**2 - 3*b + 0*b**2 + 0*b**2 - 3*b**2. What are the prime factors of a(-4)?
2, 3, 5
List the prime factors of (-24)/(-56)*(-14)/(-4)*(-109810)/(-15).
79, 139
Suppose -58 = 4*p - 70. Suppose 0 = -5*n + 2*t + 3527, -p*t - 7 + 4 = 0. List the prime factors of n.
3, 5, 47
Suppose 3*j = 0, -6*j + 9279 + 459 = 3*m - j. What are the prime factors of m?
2, 3, 541
Let f = -941 - -8050. What are the prime factors of f?
7109
Let w = 271 + -275. List the prime factors of w + 8 - (-15 + 11).
2
Let o = -9550 + 23054. What are the prime factors of o/48 + 4/6 - -1?
283
Let k be -1 - (8 - 5)/((-7)/(-1001)). Let j = 151 - k. List the prime factors of j.
7, 83
Suppose 13*i = 47*i - 170. Suppose -3*w = -5*q - 2696, -3930 = -i*w + q + 556. What are the prime f